+ 4*n - 20 = 0, -5*n - o = 0. What are the prime factors of g?
2, 5
Let z = 59 + 184. What are the prime factors of z?
3
Let i = 9 + -21. What are the prime factors of (86/(-6))/(2/i)?
2, 43
Let h be ((-10)/(-8) + -3)*4. Let j = 1 - h. List the prime factors of 174/j + (-2)/(-8).
2, 11
Let w(g) = g**3 + 15*g**2 - 20*g - 17. Suppose -5*c - 42 = c. Let j be 342/(-21) - 2/c. What are the prime factors of w(j)?
47
Suppose 0 = 2*z - 7*z - 35. What are the prime factors of ((-6)/4)/(z/210)?
3, 5
Suppose -5*l = -5*f - 3320, -l - 2*l - 3*f + 2004 = 0. What are the prime factors of l?
2, 3, 37
Suppose -2*h = -4*b - 526, 5*h - 1355 = 7*b - 5*b. What are the prime factors of h?
3, 7, 13
Suppose 0 = g - 6*g + 35. Let l = g - -11. What are the prime factors of l?
2, 3
Let u(z) be the second derivative of z**6/360 + z**5/120 - z**4/12 + 5*z. Let w(t) be the third derivative of u(t). List the prime factors of w(4).
3
Suppose -5*y - 1079 = -4*j + 572, 0 = -j - 3*y + 400. List the prime factors of j.
409
Let z(r) = 13*r + 13. Let f be z(-9). Let x = -55 - f. Suppose 0 = -3*b - 3*h + 195, -x = -b - 5*h + 16. List the prime factors of b.
5, 13
Suppose -8*j = -13*j + 10. Suppose -4*t = -4*o + 52 + 296, 176 = j*o - 4*t. What are the prime factors of o?
2, 43
Suppose 3448 + 3278 = 19*s. List the prime factors of s.
2, 3, 59
Suppose -5*x + 5044 = -x - c, 0 = -4*x - c + 5036. List the prime factors of x.
2, 3, 5, 7
Suppose -c + 492 = -0*c + 2*r, 2*c - 975 = 5*r. List the prime factors of c.
2, 5, 7
Let z(l) = -3*l + 85. Let t be z(27). Suppose 3*p - 30 = a - t*a, -32 = -5*a + 4*p. What are the prime factors of a?
2
Suppose -78 = 2*j - 7*p + 2*p, 0 = -p - 4. Let l be 3/(-3) - 2 - -87. Let r = j + l. What are the prime factors of r?
5, 7
List the prime factors of (14/(-70))/(2/(-46070)).
17, 271
Let t = 48 - 51. Let b be 4/((-8)/6) - -2. Let m = b - t. What are the prime factors of m?
2
Let g(f) = f**2 - 14*f - 13. Let a be g(15). Suppose 0 = -a*c + 75 + 13. What are the prime factors of c?
2, 11
Let z be (-2)/9 + (-115)/9. Let r = z + 58. Suppose 2*h + b = -0*b + r, b = -4*h + 93. What are the prime factors of h?
2, 3
Let n(w) = 3*w + 4. Suppose -u - 2*g - 8 = 0, -g + 11 = -2*u - 4*g. Let l be n(u). List the prime factors of ((-3)/(-5))/(2/l).
3
Suppose 5*h - 4*i + 398 - 12852 = 0, 5*h - 12447 = -3*i. List the prime factors of h.
2, 3, 5, 83
Let i be (11/(-3) + 3)*15. Let q = i - -9. What are the prime factors of (8/(-16))/(q/24)?
2, 3
Let c = -220 - -94. Let h = c - -221. List the prime factors of h.
5, 19
Suppose 0 = -3*f + 2 + 10. Let c be (-1 - 1)*(-5)/2. What are the prime factors of (32 - c) + (f - 1)?
2, 3, 5
Let d = -104 + 341. What are the prime factors of d?
3, 79
Let h = -26 + 51. Let m be (-21*(-2)/6)/7. Suppose h = 4*j + m. List the prime factors of j.
2, 3
Suppose 111 = k + 31. What are the prime factors of k?
2, 5
Suppose 0 = -8*r - 612 + 1972. What are the prime factors of r?
2, 5, 17
Let k be 3*7/(84/8). Suppose k*m - 4*m = -22. Let r = m - 8. What are the prime factors of r?
3
What are the prime factors of 9/(-6)*(-32062)/51?
23, 41
Suppose 21*t - 27*t = -4386. List the prime factors of t.
17, 43
Let b be (516/(-8))/(2/(-4)). Suppose -5*y = 2*q + 134, -4*q = -2*q - 2*y + 162. Let a = b + q. What are the prime factors of a?
2, 13
Let z(c) = -3*c + 13. Suppose -7*i + 3*i - 44 = 0. Let p be z(i). Suppose 0 = x + 4*j - 6, 4*x - x - 2*j = p. List the prime factors of x.
2, 7
Let d(n) = 5*n**2 - 4*n - 7. Let y(r) = -14*r**2 + 13*r + 21. Let v(p) = -17*d(p) - 6*y(p). Let s = -16 - -7. What are the prime factors of v(s)?
2
Suppose -2*y + l = 348, 5*l + 393 = -3*y - 116. Suppose 4*c - b - 141 = -542, -c - 103 = -3*b. Let u = c - y. List the prime factors of u.
73
List the prime factors of (-709)/(-5) + 3 + (-70)/25.
2, 71
Let v = 12 + -12. Let a(l) = 3 + v - 1 - 5*l - 4*l. List the prime factors of a(-2).
2, 5
Let m = 58 - -42. What are the prime factors of m?
2, 5
Let x = 677 + -406. List the prime factors of x.
271
Suppose -j = 25 - 19. What are the prime factors of 3/j*((0 - 9) + 3)?
3
Let c = -522 - -1021. List the prime factors of c.
499
Let x(s) = -5*s**2 + 12*s + 7. Let d(l) = -9*l**2 + 24*l + 13. Let p(k) = -3*d(k) + 5*x(k). List the prime factors of p(11).
2, 53
Let q(i) = i - 77. Let c be q(0). Let n = -42 - c. Suppose 5*h - n = 25. What are the prime factors of h?
2, 3
Let a be (-1)/6*3*(-6)/(-3). List the prime factors of 4059/24 + 1/8*a.
13
Let r = 6 + -2. Suppose 0 = 3*k + 4*d - 11, 3*k - 17 = -5*d - r. List the prime factors of (-11)/((1 + -2)/k).
11
Suppose 3*j = -2*y - 10, 5*y - 2*y + 5*j + 16 = 0. Let d be 10176/(-16)*(-5)/y. List the prime factors of d/(-35) - (-8)/14.
2, 23
Suppose 2 = -2*v - 3*s, 10 = 2*v - 10*s + 7*s. Suppose l - 6*l = -i + 178, v*l = -i + 150. What are the prime factors of i?
2, 79
Let v(n) = 14*n**2 - 33*n + 31. What are the prime factors of v(15)?
2, 17, 79
Let q(r) = r**2 - 6*r + 8. Let o be q(4). Suppose l + o = -1. What are the prime factors of (l + -17)*(-5)/10?
3
Suppose 8*g = g. What are the prime factors of (-12)/(15/(-80) - g)?
2
Let h = -51 - -87. Suppose 0 = 3*b - 165 - h. List the prime factors of b.
67
Let j(o) = 3*o + 8. Let d(h) = h. Let s(i) = 6*d(i) + j(i). Let z(v) = v**2 + 2*v - 4. Let b be z(-4). List the prime factors of s(b).
2, 11
Suppose -25 = -3*a + 2*x, -25 = -2*a - 4*x + 13. Let h = 14 - a. Suppose 5*w + 2*k = 76, -3*w - h*k + 50 = -4*k. List the prime factors of w.
2
Let d(z) = -3*z**3 - 18*z**2 - 62*z - 19. List the prime factors of d(-12).
31, 107
Let l = 11 + -9. Suppose l*u - 9 = -u. Suppose u*r - 151 - 29 = 0. List the prime factors of r.
2, 3, 5
Suppose 3*j - 83 - 406 = 0. Suppose 0 = -d + j - 38. List the prime factors of d.
5
Let h(o) = 3*o**2 - o - 6. Let u = -12 + 16. Suppose -2*i + u = -4. What are the prime factors of h(i)?
2, 19
Let z = -2 + 6. Suppose -z*w - 20 = 0, -3*m + 2*w = -m - 16. List the prime factors of -2 + 90/m - 3.
5
Suppose -47 - 9 = 8*l. Let i(f) = -35*f. What are the prime factors of i(l)?
5, 7
Let k be (-8 + 7)*(-3 + -1). Suppose -4*z - k = -12. List the prime factors of z.
2
Suppose 0 = 3*v + 9*c - 5*c - 44, -4*c = -2*v + 16. Let z = 36 + -2. Let h = z - v. List the prime factors of h.
2, 11
List the prime factors of 337 - (-1 - 0/(-3)).
2, 13
Suppose -4*d - d - 2*v = -6852, -2*d = 4*v - 2744. List the prime factors of d.
2, 5, 137
Suppose 3*d = -5*p + 1661 + 47, -4*d + 2260 = -2*p. Suppose 4*m - 5*n - d = -0*n, 282 = 2*m - 3*n. What are the prime factors of m?
2, 3
Suppose -98542 = 332*p - 361*p. What are the prime factors of p?
2, 1699
Let y(d) = -36*d**3 - 2*d**2 - 3*d - 1. Suppose 0 = 52*t - 50*t + 2. List the prime factors of y(t).
2, 3
Suppose 5*b = -3 - 2. Suppose -31 = 5*h - 156. What are the prime factors of h*b/2*-2?
5
Let n(f) be the first derivative of f**5/30 - f**4/8 - f**3/6 - 5*f**2 + 10. Let l(g) be the second derivative of n(g). List the prime factors of l(-3).
2, 13
Let c(m) = 16*m + 6 - 1 + 1. Let o be c(3). List the prime factors of (o/(-12))/((-3)/8).
2, 3
What are the prime factors of (454/(-16)*2)/(19/(-152))?
2, 227
Let f = -15 - -18. Suppose -f*c - 12 = -9*c. Suppose -c*y - y = -15. List the prime factors of y.
5
Suppose 0*q - 2*q = -80. Suppose -t = -23 - q. Suppose n = -2*n + t. What are the prime factors of n?
3, 7
Let p(a) = 45*a - 3. Let x be p(7). Suppose -3*n + x = -147. What are the prime factors of n?
3, 17
Suppose -2*d - 15 = -3*d - 5*w, -9 = -3*d - 3*w. Let j(z) = 2*z**2 - z + 52. List the prime factors of j(d).
2, 13
Let g be (474/(-10))/3 + 2/(-10). Let t = g - -57. List the prime factors of t.
41
Suppose -4*k + 12544 = 10*k. What are the prime factors of k?
2, 7
Suppose 0 = 3*w + 5*x - 133, -4*w = 2*x - x - 200. What are the prime factors of w - (2 - 4/(-4))?
2, 3
Let b(r) = -r**3 + 6*r**2 - r + 8. Let k be b(6). Let q = k - 10. Let h = q - -18. List the prime factors of h.
2, 5
Suppose 0 = -30*k + 35*k - 1880. Suppose 1006 - k = 9*t. List the prime factors of t.
2, 5, 7
Let r(p) = 34*p**2 - 45*p**2 + 0 - p**3 + 7 - 8*p. What are the prime factors of r(-11)?
5, 19
Let s = 57 + 78. Suppose 2*g = s - 25. What are the prime factors of g?
5, 11
Let j(h) = 19*h - 7. Let k be j(11). Suppose -k - 158 = 4*u. Let q = u + 146